{"id":52,"date":"2025-08-24T18:32:10","date_gmt":"2025-08-24T18:32:10","guid":{"rendered":"http:\/\/comprad.cluster100.hosting.ovh.net\/index.php\/homepage\/"},"modified":"2026-03-17T23:20:34","modified_gmt":"2026-03-17T23:20:34","slug":"homepage","status":"publish","type":"page","link":"https:\/\/compraryang.es\/","title":{"rendered":""},"content":{"rendered":"\t\t<div data-elementor-type=\"wp-page\" data-elementor-id=\"52\" class=\"elementor elementor-52\">\n\t\t\t\t<div class=\"elementor-element elementor-element-1f6ffcd8 e-flex e-con-boxed elementor-invisible e-con e-parent\" data-id=\"1f6ffcd8\" data-element_type=\"container\" data-e-type=\"container\" data-settings=\"{&quot;animation&quot;:&quot;fadeIn&quot;}\">\n\t\t\t\t\t<div class=\"e-con-inner\">\n\t\t\t\t<div class=\"elementor-element elementor-element-2b895f78 elementor-widget elementor-widget-flex-hero\" data-id=\"2b895f78\" data-element_type=\"widget\" data-e-type=\"widget\" data-settings=\"{&quot;image_shape&quot;:&quot;rounded&quot;,&quot;layout_image_position_tablet&quot;:&quot;end&quot;,&quot;layout_preset&quot;:&quot;showcase&quot;,&quot;layout_column_structure&quot;:&quot;50-50&quot;,&quot;layout_image_position&quot;:&quot;end&quot;,&quot;primary_button_shape&quot;:&quot;default&quot;,&quot;box_shape&quot;:&quot;sharp&quot;}\" data-widget_type=\"flex-hero.default\">\n\t\t\t\t<div class=\"elementor-widget-container\">\n\t\t\t\t\t\t\t<div class=\"has-shape-sharp shape-type-box has-column-structure-50-50  ehp-flex-hero has-layout-preset-showcase has-image-position-end has-image-position-md-end\">\n\t\t\t\t\t\t<div class=\"ehp-flex-hero__overlay\"><\/div>\n\t\t\t<div class=\"ehp-flex-hero__content-container\">\n\t\t\t\t<h2 class=\"ehp-flex-hero__heading\">CONSIGUE YANG  DE FORMA SEGURA<\/h2><h3 class=\"ehp-flex-hero__subheading\">En compraryang.es te ayudamos a que aprendas a como conseguir yang o won. En nuestra web encontrar\u00e1s gu\u00edas, tutoriales y trucos para conseguir yang in-game de todas las formas posibles.<\/h3>\t\t\t<div class=\"ehp-flex-hero__ctas-container\">\n\t\t\t\t\t\t\t\t\t\t\t<\/div>\n\t\t\t\t\t<\/div>\n\t\t\t\t<div class=\"ehp-flex-hero__image-wrapper\">\n\t\t\t\t\t<div class=\"ehp-image ehp-flex-hero__image-container\">\n\t\t\t\t<img decoding=\"async\" class=\"ehp-image__img ehp-flex-hero__img has-shape-rounded shape-type-image\" src=\"https:\/\/compraryang.es\/wp-content\/uploads\/2025\/08\/01883a77-fa72-431d-9f18-7d8bf7ba6e7f.png\" title=\"comprar-yang-online.png\" alt=\"comprar-yang-online.png\" loading=\"lazy\" \/>\t\t\t<\/div>\n\t\t\t\t\t<\/div>\n\t\t\t\t<\/div>\n\t\t\t\t\t\t<\/div>\n\t\t\t\t<\/div>\n\t\t<div class=\"elementor-element elementor-element-d798f25 e-grid e-con-full e-con e-child\" data-id=\"d798f25\" data-element_type=\"container\" data-e-type=\"container\">\n\t\t\t\t<div class=\"elementor-element elementor-element-2f7853a elementor-widget elementor-widget-html\" data-id=\"2f7853a\" data-element_type=\"widget\" data-e-type=\"widget\" data-widget_type=\"html.default\">\n\t\t\t\t\t<div style=\"position:relative; text-align:center; padding:20px; background-color:#1c1c1c; border-radius:12px;\">\r\n  \r\n  <!-- Badge -->\r\n  <span style=\"position:absolute; top:10px; right:10px; background:#ff0000; color:#fff; font-size:12px; font-weight:bold; padding:2px; border-radius:6px;\">\r\n    NEW\r\n  <\/span>\r\n  \r\n  <h3 style=\"color:#ffffff; font-size:18px; margin:0 0 10px 0;\">\r\n    Oceana Shaphire\r\n  <\/h3>\r\n  \r\n  <div style=\"margin-bottom:8px;\">\r\n    <strong style=\"color:#FFD700; font-size:20px;\">\u20ac0.8*<\/strong>\r\n    <del style=\"color:#999999; font-size:16px; margin-left:5px;\">\u20ac1<\/del>\r\n  <\/div>\r\n  \r\n  <small style=\"color:#aaaaaa;\">* Desde usando Crypto <\/small>\r\n<\/div>\t\t\t\t<\/div>\n\t\t\t\t<div class=\"elementor-element elementor-element-f24b665 elementor-widget elementor-widget-html\" data-id=\"f24b665\" data-element_type=\"widget\" data-e-type=\"widget\" data-widget_type=\"html.default\">\n\t\t\t\t\t<div style=\"text-align:center; padding:20px; background-color:#1c1c1c; border-radius:12px;\">\r\n  <h3 style=\"color:#ffffff; font-size:18px; margin:0 0 10px 0;\">\r\n    Europe\r\n  <\/h3>\r\n  <div style=\"margin-bottom:8px;\">\r\n    <strong style=\"color:#FFD700; font-size:20px;\">\u20ac0.5<\/strong>\r\n    <del style=\"color:#999999; font-size:16px; margin-left:5px;\">\u20ac0.62<\/del>\r\n  <\/div>\r\n  <small style=\"color:#aaaaaa;\">* Desde usando Crypto <\/small>\r\n<\/div>\t\t\t\t<\/div>\n\t\t\t\t<div class=\"elementor-element elementor-element-34b9058 elementor-widget elementor-widget-html\" data-id=\"34b9058\" data-element_type=\"widget\" data-e-type=\"widget\" data-widget_type=\"html.default\">\n\t\t\t\t\t<div style=\"text-align:center; padding:20px; background-color:#1c1c1c; border-radius:12px;\">\r\n  <h3 style=\"color:#ffffff; font-size:18px; margin:0 0 10px 0;\">\r\n   Iberia\r\n  <\/h3>\r\n  <div style=\"margin-bottom:8px;\">\r\n    <strong style=\"color:#FFD700; font-size:20px;\">\u20ac0.45<\/strong>\r\n    <del style=\"color:#999999; font-size:16px; margin-left:5px;\">\u20ac0.55<\/del>\r\n  <\/div>\r\n  <small style=\"color:#aaaaaa;\">* Desde usando Crypto <\/small>\r\n<\/div>\t\t\t\t<\/div>\n\t\t\t\t<div class=\"elementor-element elementor-element-d7eb2f2 elementor-widget elementor-widget-html\" data-id=\"d7eb2f2\" data-element_type=\"widget\" data-e-type=\"widget\" data-widget_type=\"html.default\">\n\t\t\t\t\t<div style=\"text-align:center; padding:20px; background-color:#1c1c1c; border-radius:12px;\">\r\n  <h3 style=\"color:#ffffff; font-size:18px; margin:0 0 10px 0;\">\r\n   Tigerghost\r\n  <\/h3>\r\n  <div style=\"margin-bottom:8px;\">\r\n    <strong style=\"color:#FFD700; font-size:20px;\">\u20ac0.6<\/strong>\r\n    <del style=\"color:#999999; font-size:16px; margin-left:5px;\">\u20ac0.90<\/del>\r\n  <\/div>\r\n  <small style=\"color:#aaaaaa;\">* Desde usando Crypto <\/small>\r\n<\/div>\t\t\t\t<\/div>\n\t\t\t\t<div class=\"elementor-element elementor-element-b39a004 elementor-widget elementor-widget-html\" data-id=\"b39a004\" data-element_type=\"widget\" data-e-type=\"widget\" data-widget_type=\"html.default\">\n\t\t\t\t\t<div style=\"text-align:center; padding:20px; background-color:#1c1c1c; border-radius:12px;\">\r\n  <h3 style=\"color:#ffffff; font-size:18px; margin:0 0 10px 0;\">\r\n    Ruby Chimera\r\n  <\/h3>\r\n  <div style=\"margin-bottom:8px;\">\r\n    <strong style=\"color:#FFD700; font-size:20px;\">\u20ac0.5<\/strong>\r\n    <del style=\"color:#999999; font-size:16px; margin-left:5px;\">\u20ac0.8<\/del>\r\n  <\/div>\r\n  <small style=\"color:#aaaaaa;\">* Desde usando Crypto <\/small>\r\n<\/div>\t\t\t\t<\/div>\n\t\t\t\t<div class=\"elementor-element elementor-element-14e60d0 elementor-widget elementor-widget-html\" data-id=\"14e60d0\" data-element_type=\"widget\" data-e-type=\"widget\" data-widget_type=\"html.default\">\n\t\t\t\t\t<div style=\"text-align:center; padding:20px; background-color:#1c1c1c; border-radius:12px;\">\r\n  <h3 style=\"color:#ffffff; font-size:18px; margin:0 0 10px 0;\">\r\n    Otros servidores\r\n  <\/h3>\r\n  <div style=\"margin-bottom:8px;\">\r\n    <strong style=\"color:#FFD700; font-size:20px;\">\u20ac<\/strong>\r\n    <del style=\"color:#999999; font-size:16px; margin-left:5px;\">\u20ac<\/del>\r\n  <\/div>\r\n  <small style=\"color:#aaaaaa;\">Pregunta por otros servidores <\/small>\r\n<\/div>\t\t\t\t<\/div>\n\t\t\t\t<\/div>\n\t\t<div class=\"elementor-element elementor-element-452f6fb e-con-full e-flex e-con e-child\" data-id=\"452f6fb\" data-element_type=\"container\" data-e-type=\"container\">\n\t\t\t\t<div class=\"elementor-element elementor-element-b806421 elementor-widget-divider--view-line elementor-widget elementor-widget-divider\" data-id=\"b806421\" data-element_type=\"widget\" data-e-type=\"widget\" data-widget_type=\"divider.default\">\n\t\t\t\t\t\t\t<div class=\"elementor-divider\">\n\t\t\t<span class=\"elementor-divider-separator\">\n\t\t\t\t\t\t<\/span>\n\t\t<\/div>\n\t\t\t\t\t\t<\/div>\n\t\t\t\t<\/div>\n\t\t\t\t\t<\/div>\n\t\t\t\t<\/div>\n\t\t<div class=\"elementor-element elementor-element-e286149 e-flex e-con-boxed e-con e-parent\" data-id=\"e286149\" data-element_type=\"container\" data-e-type=\"container\">\n\t\t\t\t\t<div class=\"e-con-inner\">\n\t\t\t\t<div class=\"elementor-element elementor-element-f2e1b18 elementor-widget elementor-widget-html\" data-id=\"f2e1b18\" data-element_type=\"widget\" data-e-type=\"widget\" data-widget_type=\"html.default\">\n\t\t\t\t\t<div style=\"background:#1c1c1c; color:#fff; text-align:center; padding:40px 20px; border-radius:16px; box-shadow:0 6px 16px rgba(0,0,0,0.3); max-width:800px; margin:40px auto;\">\r\n  <h2 style=\"margin-bottom:10px; font-size:28px; font-weight:700;\">\r\n    \ud83d\ude80 \u00bfListo para dar el siguiente paso?\r\n  <\/h2>\r\n  <p style=\"margin-bottom:30px; font-size:16px; color:#ddd;\">\r\n    Escr\u00edbenos ahora y recibe tu opci\u00f3n personalizada en minutos.\r\n  <\/p>\r\n\r\n\r\n  <div style=\"display:flex; justify-content:center; gap:20px; flex-wrap:wrap;\">\r\n\r\n    <a href=\"https:\/\/wa.me\/34638270098\" target=\"_blank\" style=\"background:#25d366; color:#fff; padding:14px 26px; border-radius:50px; font-size:18px; font-weight:600; text-decoration:none; display:flex; align-items:center; gap:10px; box-shadow:0 4px 10px rgba(0,0,0,0.3); transition:all 0.3s ease;\" rel=\"noopener\">\r\n       <img decoding=\"async\" src=\"https:\/\/upload.wikimedia.org\/wikipedia\/commons\/6\/6b\/WhatsApp.svg\" alt=\"WhatsApp\" style=\"width:24px; height:24px;\">\r\n       WhatsApp\r\n    <\/a>\r\n\r\n \r\n    <a href=\"https:\/\/t.me\/mt2bank\" target=\"_blank\" style=\"background:#0088cc; color:#fff; padding:14px 26px; border-radius:50px; font-size:18px; font-weight:600; text-decoration:none; display:flex; align-items:center; gap:10px; box-shadow:0 4px 10px rgba(0,0,0,0.3); transition:all 0.3s ease;\">\r\n       <img decoding=\"async\" src=\"https:\/\/upload.wikimedia.org\/wikipedia\/commons\/8\/82\/Telegram_logo.svg\" alt=\"Telegram\" style=\"width:24px; height:24px;\">\r\n       Telegram\r\n    <\/a>\r\n\r\n  <\/div>\r\n<\/div>\t\t\t\t<\/div>\n\t\t\t\t\t<\/div>\n\t\t\t\t<\/div>\n\t\t<div class=\"elementor-element elementor-element-53af7dfe e-flex e-con-boxed elementor-invisible e-con e-parent\" data-id=\"53af7dfe\" data-element_type=\"container\" data-e-type=\"container\" data-settings=\"{&quot;background_background&quot;:&quot;classic&quot;,&quot;animation&quot;:&quot;fadeIn&quot;}\">\n\t\t\t\t\t<div class=\"e-con-inner\">\n\t\t<div class=\"elementor-element elementor-element-fff6b20 e-con-full e-flex e-con e-child\" data-id=\"fff6b20\" data-element_type=\"container\" data-e-type=\"container\">\n\t\t<div class=\"elementor-element elementor-element-620ca9c3 e-con-full e-flex e-con e-child\" data-id=\"620ca9c3\" data-element_type=\"container\" data-e-type=\"container\">\n\t\t\t\t<div class=\"elementor-element elementor-element-5e7cdc84 elementor-widget elementor-widget-heading\" data-id=\"5e7cdc84\" data-element_type=\"widget\" data-e-type=\"widget\" data-widget_type=\"heading.default\">\n\t\t\t\t\t<div class=\"elementor-heading-title elementor-size-default\">01<\/div>\t\t\t\t<\/div>\n\t\t\t\t<\/div>\n\t\t<div class=\"elementor-element elementor-element-54c63c58 e-con-full e-flex e-con e-child\" data-id=\"54c63c58\" data-element_type=\"container\" data-e-type=\"container\">\n\t\t\t\t<div class=\"elementor-element elementor-element-bb7946c elementor-widget elementor-widget-heading\" data-id=\"bb7946c\" data-element_type=\"widget\" data-e-type=\"widget\" data-widget_type=\"heading.default\">\n\t\t\t\t\t<h2 class=\"elementor-heading-title elementor-size-default\">CONTACTA CON NOSOTROS<\/h2>\t\t\t\t<\/div>\n\t\t\t\t<\/div>\n\t\t<div class=\"elementor-element elementor-element-1d481136 e-con-full e-flex e-con e-child\" data-id=\"1d481136\" data-element_type=\"container\" data-e-type=\"container\">\n\t\t\t\t<div class=\"elementor-element elementor-element-3986e554 elementor-widget elementor-widget-text-editor\" data-id=\"3986e554\" data-element_type=\"widget\" data-e-type=\"widget\" data-widget_type=\"text-editor.default\">\n\t\t\t\t\t\t\t\t\t<p>Contacta con nosotros de forma r\u00e1pida a trav\u00e9s de WhatsApp, Telegram o Discord. Solo dinos qu\u00e9 necesitas y en qu\u00e9 servidor juegas.<\/p>\t\t\t\t\t\t\t\t<\/div>\n\t\t\t\t<\/div>\n\t\t\t\t<div class=\"elementor-element elementor-element-4e1a914f elementor-widget-divider--view-line elementor-widget elementor-widget-divider\" data-id=\"4e1a914f\" data-element_type=\"widget\" data-e-type=\"widget\" data-widget_type=\"divider.default\">\n\t\t\t\t\t\t\t<div class=\"elementor-divider\">\n\t\t\t<span class=\"elementor-divider-separator\">\n\t\t\t\t\t\t<\/span>\n\t\t<\/div>\n\t\t\t\t\t\t<\/div>\n\t\t\t\t<\/div>\n\t\t<div class=\"elementor-element elementor-element-7b6b237b e-con-full e-flex e-con e-child\" data-id=\"7b6b237b\" data-element_type=\"container\" data-e-type=\"container\">\n\t\t<div class=\"elementor-element elementor-element-6e4ce807 e-con-full e-flex e-con e-child\" data-id=\"6e4ce807\" data-element_type=\"container\" data-e-type=\"container\">\n\t\t\t\t<div class=\"elementor-element elementor-element-64fc0a elementor-widget elementor-widget-heading\" data-id=\"64fc0a\" data-element_type=\"widget\" data-e-type=\"widget\" data-widget_type=\"heading.default\">\n\t\t\t\t\t<div class=\"elementor-heading-title elementor-size-default\">02<\/div>\t\t\t\t<\/div>\n\t\t\t\t<\/div>\n\t\t<div class=\"elementor-element elementor-element-d6ea60f e-con-full e-flex e-con e-child\" data-id=\"d6ea60f\" data-element_type=\"container\" data-e-type=\"container\">\n\t\t\t\t<div class=\"elementor-element elementor-element-5e6bb1d9 elementor-widget elementor-widget-heading\" data-id=\"5e6bb1d9\" data-element_type=\"widget\" data-e-type=\"widget\" data-widget_type=\"heading.default\">\n\t\t\t\t\t<h2 class=\"elementor-heading-title elementor-size-default\">te ofrecemos tu opci\u00f3n personalizada<\/h2>\t\t\t\t<\/div>\n\t\t\t\t<\/div>\n\t\t<div class=\"elementor-element elementor-element-8d90768 e-con-full e-flex e-con e-child\" data-id=\"8d90768\" data-element_type=\"container\" data-e-type=\"container\">\n\t\t\t\t<div class=\"elementor-element elementor-element-75a33e1f elementor-widget elementor-widget-text-editor\" data-id=\"75a33e1f\" data-element_type=\"widget\" data-e-type=\"widget\" data-widget_type=\"text-editor.default\">\n\t\t\t\t\t\t\t\t\t<p>Analizamos tu petici\u00f3n y te mostramos las mejores alternativas para que consigas yang o won de forma segura y adaptada a ti.<\/p>\t\t\t\t\t\t\t\t<\/div>\n\t\t\t\t<\/div>\n\t\t\t\t<div class=\"elementor-element elementor-element-36f83ea7 elementor-widget-divider--view-line elementor-widget elementor-widget-divider\" data-id=\"36f83ea7\" data-element_type=\"widget\" data-e-type=\"widget\" data-widget_type=\"divider.default\">\n\t\t\t\t\t\t\t<div class=\"elementor-divider\">\n\t\t\t<span class=\"elementor-divider-separator\">\n\t\t\t\t\t\t<\/span>\n\t\t<\/div>\n\t\t\t\t\t\t<\/div>\n\t\t\t\t<\/div>\n\t\t<div class=\"elementor-element elementor-element-27e0ed6e e-con-full e-flex e-con e-child\" data-id=\"27e0ed6e\" data-element_type=\"container\" data-e-type=\"container\">\n\t\t<div class=\"elementor-element elementor-element-1364c63b e-con-full e-flex e-con e-child\" data-id=\"1364c63b\" data-element_type=\"container\" data-e-type=\"container\">\n\t\t\t\t<div class=\"elementor-element elementor-element-26da396b elementor-widget elementor-widget-heading\" data-id=\"26da396b\" data-element_type=\"widget\" data-e-type=\"widget\" data-widget_type=\"heading.default\">\n\t\t\t\t\t<div class=\"elementor-heading-title elementor-size-default\">03<\/div>\t\t\t\t<\/div>\n\t\t\t\t<\/div>\n\t\t<div class=\"elementor-element elementor-element-164cc873 e-con-full e-flex e-con e-child\" data-id=\"164cc873\" data-element_type=\"container\" data-e-type=\"container\">\n\t\t\t\t<div class=\"elementor-element elementor-element-c639b48 elementor-widget elementor-widget-heading\" data-id=\"c639b48\" data-element_type=\"widget\" data-e-type=\"widget\" data-widget_type=\"heading.default\">\n\t\t\t\t\t<h2 class=\"elementor-heading-title elementor-size-default\">obtienes tu yang y won<\/h2>\t\t\t\t<\/div>\n\t\t\t\t<\/div>\n\t\t<div class=\"elementor-element elementor-element-38fbc867 e-con-full e-flex e-con e-child\" data-id=\"38fbc867\" data-element_type=\"container\" data-e-type=\"container\">\n\t\t\t\t<div class=\"elementor-element elementor-element-64a7ee65 elementor-widget elementor-widget-text-editor\" data-id=\"64a7ee65\" data-element_type=\"widget\" data-e-type=\"widget\" data-widget_type=\"text-editor.default\">\n\t\t\t\t\t\t\t\t\t<p>Concreta la opci\u00f3n que m\u00e1s te convenga y consigue tu moneda virtual de manera f\u00e1cil, segura y sin complicaciones.<\/p>\t\t\t\t\t\t\t\t<\/div>\n\t\t\t\t<\/div>\n\t\t\t\t<div class=\"elementor-element elementor-element-43f207f0 elementor-widget-divider--view-line elementor-widget elementor-widget-divider\" data-id=\"43f207f0\" data-element_type=\"widget\" data-e-type=\"widget\" data-widget_type=\"divider.default\">\n\t\t\t\t\t\t\t<div class=\"elementor-divider\">\n\t\t\t<span class=\"elementor-divider-separator\">\n\t\t\t\t\t\t<\/span>\n\t\t<\/div>\n\t\t\t\t\t\t<\/div>\n\t\t\t\t<\/div>\n\t\t\t\t\t<\/div>\n\t\t\t\t<\/div>\n\t\t<div class=\"elementor-element elementor-element-4cefb60 e-flex e-con-boxed e-con e-parent\" data-id=\"4cefb60\" data-element_type=\"container\" data-e-type=\"container\">\n\t\t\t\t\t<div class=\"e-con-inner\">\n\t\t\t\t<div class=\"elementor-element elementor-element-aec64f5 elementor-widget elementor-widget-html\" data-id=\"aec64f5\" data-element_type=\"widget\" data-e-type=\"widget\" data-widget_type=\"html.default\">\n\t\t\t\t\t<div class=\"bloque-yang\" style=\"display:flex; align-items:center; gap:20px; flex-wrap:wrap;\">\r\n  <!-- Imagen -->\r\n  <div style=\"flex:1; min-width:150px; text-align:center;\">\r\n    <img decoding=\"async\" src=\"https:\/\/compraryang.es\/wp-content\/uploads\/2025\/08\/Captura-de-pantalla-2025-08-29-134434.png\" \r\n         alt=\"Logo comprar yang\" \r\n         style=\"max-width:100%; height:auto;\">\r\n  <\/div>\r\n\r\n\r\n<style>\r\n@media (max-width:768px) {\r\n  .bloque-yang {\r\n    flex-direction:column;\r\n    text-align:center;\r\n  }\r\n}\r\n<\/style>\t\t\t\t<\/div>\n\t\t\t\t<div class=\"elementor-element elementor-element-4098f12 elementor-widget elementor-widget-html\" data-id=\"4098f12\" data-element_type=\"widget\" data-e-type=\"widget\" data-widget_type=\"html.default\">\n\t\t\t\t\t<section class=\"seo-content\">\r\n\r\n  <h2>\u00bfQu\u00e9 es Yang y Won?<\/h2>\r\n  <p>\r\n    En el juego de Metin2, el <strong>Yang<\/strong> y el <strong>Won<\/strong> son las monedas principales del juego.\r\n    Permiten comprar equipo, mejoras y comerciar con otros jugadores, acelerando la progresi\u00f3n\r\n    del personaje. 1 won equivale a 100millones de yang por lo que facilita el comercio dentro del juego Metin2.\r\n  <\/p>\r\n\r\n  <h2>\u00bfPor qu\u00e9 comprar Yang?<\/h2>\r\n  <p>\r\n    Muchos jugadores deciden <strong>comprar Yang Metin2<\/strong> para ahorrar tiempo y avanzar m\u00e1s r\u00e1pido.\r\n    Conseguir grandes cantidades de Yang \u00fanicamente mediante farmeo puede requerir muchas horas\r\n    de juego diario, algo que no todos pueden permitirse.\r\n  <\/p>\r\n\r\n  <h2>\u00bfC\u00f3mo funciona la compra segura de Yang con nosotros?<\/h2>\r\n  <p>\r\n    Ofrecemos opciones personalizadas para ayudarte a encontrar la mejor alternativa para conseguir\r\n    Yang o Won seg\u00fan tu servidor y necesidades. El proceso se gestiona de forma directa y personalizada\r\n    a trav\u00e9s de WhatsApp o Telegram, garantizando una comunicaci\u00f3n clara antes de concretar cualquier compra.\r\n  <\/p>\r\n\r\n  <h2>\u00bfEs seguro comprar Yang?<\/h2>\r\n  <p>\r\n    La compraventa de Yang puede estar fuera de las condiciones de uso de algunos servidores oficiales.\r\n    Por ello, siempre recomendamos informarse bien y actuar con precauci\u00f3n. En nuestra web compartimos\r\n    gu\u00edas y recomendaciones para identificar pr\u00e1cticas m\u00e1s seguras y evitar posibles estafas.  <a href=\"index.php\/ayuda-y-guias\/\">Gu\u00edas para conseguir Yang Metin2 de forma segura<\/a>\r\n\r\n  <\/p>\r\n  \r\n\r\n\r\n<\/section>\r\n\t\t\t\t<\/div>\n\t\t\t\t\t<\/div>\n\t\t\t\t<\/div>\n\t\t<div class=\"elementor-element elementor-element-ddbd10f e-flex e-con-boxed e-con e-parent\" data-id=\"ddbd10f\" data-element_type=\"container\" data-e-type=\"container\">\n\t\t\t\t\t<div class=\"e-con-inner\">\n\t\t\t\t<div class=\"elementor-element elementor-element-27de64a elementor-widget elementor-widget-html\" data-id=\"27de64a\" data-element_type=\"widget\" data-e-type=\"widget\" data-widget_type=\"html.default\">\n\t\t\t\t\t<div style=\"\r\n  position:fixed; \r\n  bottom:100px; \r\n  right:20px; \r\n  z-index:9999; \r\n  display:flex; \r\n  flex-direction:column; \r\n  gap:10px;\r\n\">\r\n\r\n  <!-- WhatsApp -->\r\n  <a href=\"https:\/\/wa.me\/34638270098\" target=\"_blank\" style=\"background:#25d366; width:50px; height:50px; display:flex; align-items:center; justify-content:center; border-radius:50%; box-shadow:0 4px 8px rgba(0,0,0,0.3);\" rel=\"noopener\">\r\n     <img decoding=\"async\" src=\"https:\/\/upload.wikimedia.org\/wikipedia\/commons\/6\/6b\/WhatsApp.svg\" alt=\"WhatsApp\" style=\"width:28px; height:28px;\">\r\n  <\/a>\r\n\r\n  <!-- Telegram -->\r\n  <a href=\"https:\/\/t.me\/mt2bank\" target=\"_blank\" style=\"background:#0088cc; width:50px; height:50px; display:flex; align-items:center; justify-content:center; border-radius:50%; box-shadow:0 4px 8px rgba(0,0,0,0.3);\">\r\n     <img decoding=\"async\" src=\"https:\/\/upload.wikimedia.org\/wikipedia\/commons\/8\/82\/Telegram_logo.svg\" alt=\"Telegram\" style=\"width:28px; height:28px;\">\r\n  <\/a>\r\n\r\n<\/div>\t\t\t\t<\/div>\n\t\t\t\t\t<\/div>\n\t\t\t\t<\/div>\n\t\t<div class=\"elementor-element elementor-element-a9f289a e-flex e-con-boxed e-con e-parent\" data-id=\"a9f289a\" data-element_type=\"container\" data-e-type=\"container\">\n\t\t\t\t\t<div class=\"e-con-inner\">\n\t\t\t\t<div class=\"elementor-element elementor-element-eb26ed2 elementor-widget elementor-widget-html\" data-id=\"eb26ed2\" data-element_type=\"widget\" data-e-type=\"widget\" data-widget_type=\"html.default\">\n\t\t\t\t\t<div style=\"margin-top:30px; padding:10px; text-align:center; border-top:1px solid #eee;\">\r\n  <small style=\"font-size:12px; color:#777;\">\r\n    Este sitio es independiente, no est\u00e1 afiliado con Webzen Inc. ni con Gameforge Productions GmbH. \r\n    Su contenido es meramente informativo y no oficial. \r\n    No fomenta ni facilita la compraventa de Yang o Won con dinero real, pr\u00e1ctica que puede contravenir las condiciones de uso del juego. \r\n\r\n  <\/small>\r\n<\/div>\t\t\t\t<\/div>\n\t\t<div class=\"elementor-element elementor-element-f6eefdb e-con-full e-flex e-con e-child\" data-id=\"f6eefdb\" data-element_type=\"container\" data-e-type=\"container\">\n\t\t\t\t<div class=\"elementor-element elementor-element-f105e7e elementor-widget elementor-widget-html\" data-id=\"f105e7e\" data-element_type=\"widget\" data-e-type=\"widget\" data-widget_type=\"html.default\">\n\t\t\t\t\t<!-- Trustpilot Footer Wrapper -->\r\n<div class=\"trustpilot-footer-wrapper\">\r\n  <div class=\"trustpilot-footer\">\r\n    <a href=\"https:\/\/es.trustpilot.com\/review\/compraryang.es\" target=\"_blank\" rel=\"noopener noreferrer\" class=\"trustpilot-link\">\r\n      <div class=\"trustpilot-container\">\r\n        <img decoding=\"async\" src=\"https:\/\/compraryang.es\/wp-content\/uploads\/2025\/09\/kindpng_3686309-1.png\" class=\"trustpilot-logo\" alt=\"Trustpilot\">\r\n        <div class=\"trustpilot-text\">\r\n          <span class=\"trustpilot-title\">\u00bfDudas? Revisa nuestras rese\u00f1as en Trustpilot<\/span>\r\n          <div class=\"trustpilot-stars\">\u2605\u2605\u2605\u2605\u2605<\/div>\r\n        <\/div>\r\n      <\/div>\r\n    <\/a>\r\n  <\/div>\r\n<\/div>\r\n\r\n<style>\r\n  \/* Wrapper para aislar estilos *\/\r\n  .trustpilot-footer-wrapper {\r\n    position: fixed;\r\n    bottom: 0; \/* Ahora est\u00e1 en el pie *\/\r\n    left: 0;\r\n    width: 100%;\r\n    z-index: 99999;\r\n    background: #001629; \/* color de respaldo inmediato *\/\r\n  }\r\n\r\n  \/* Fondo aplicado al DIV, no al enlace *\/\r\n  .trustpilot-footer {\r\n    background: #001629; \/* fallback inmediato *\/\r\n    background: linear-gradient(90deg, #00332d, #001629);\r\n    width: 100%;\r\n    padding: 8px 0;\r\n    box-shadow: 0 -2px 6px rgba(0,0,0,0.4); \/* sombra hacia arriba *\/\r\n    will-change: background; \/* prevenir parpadeo *\/\r\n  }\r\n\r\n  .trustpilot-link {\r\n    display: block;\r\n    text-decoration: none;\r\n    width: 100%;\r\n  }\r\n\r\n  .trustpilot-container {\r\n    display: flex;\r\n    align-items: center;\r\n    justify-content: center;\r\n    gap: 15px;\r\n    flex-wrap: wrap;\r\n  }\r\n\r\n  \/* Aqu\u00ed ajustas el tama\u00f1o del logo *\/\r\n  .trustpilot-logo {\r\n    max-height: 45px; \/* c\u00e1mbialo al tama\u00f1o que necesites *\/\r\n    max-width: 200px;\r\n    object-fit: contain;\r\n  }\r\n\r\n  .trustpilot-title {\r\n    font-size: 15px;\r\n    font-weight: 600;\r\n    display: block;\r\n    color: #fff;\r\n    transition: color 0.3s ease;\r\n  }\r\n\r\n  .trustpilot-stars {\r\n    color: #FFD700;\r\n    font-size: 16px;\r\n    letter-spacing: 2px;\r\n  }\r\n\r\n  .trustpilot-link:hover .trustpilot-title {\r\n    color: #FFD700;\r\n  }\r\n\r\n  \/* === Compensar el footer fijo === *\/\r\n  body {\r\n    padding-bottom: 44px; \/* ajusta seg\u00fan la altura real del footer *\/\r\n  }\r\n<\/style>\r\n\t\t\t\t<\/div>\n\t\t\t\t<\/div>\n\t\t\t\t\t<\/div>\n\t\t\t\t<\/div>\n\t\t<div class=\"elementor-element elementor-element-9c949b5 e-flex e-con-boxed e-con e-parent\" data-id=\"9c949b5\" data-element_type=\"container\" data-e-type=\"container\">\n\t\t\t\t\t<div class=\"e-con-inner\">\n\t\t\t\t\t<\/div>\n\t\t\t\t<\/div>\n\t\t\t\t<\/div>\n\t\t","protected":false},"excerpt":{"rendered":"<p>CONSIGUE YANG DE FORMA SEGURA En compraryang.es te ayudamos a que aprendas a como conseguir yang o won. En nuestra web encontrar\u00e1s gu\u00edas, tutoriales y trucos para conseguir yang in-game de todas las formas posibles. NEW Oceana Shaphire \u20ac0.8* \u20ac1 * Desde usando Crypto Europe \u20ac0.5 \u20ac0.62 * Desde usando Crypto Iberia \u20ac0.45 \u20ac0.55 * [&hellip;]<\/p>\n","protected":false},"author":1,"featured_media":0,"parent":0,"menu_order":0,"comment_status":"closed","ping_status":"closed","template":"","meta":{"footnotes":""},"class_list":["post-52","page","type-page","status-publish","hentry"],"_links":{"self":[{"href":"https:\/\/compraryang.es\/index.php\/wp-json\/wp\/v2\/pages\/52","targetHints":{"allow":["GET"]}}],"collection":[{"href":"https:\/\/compraryang.es\/index.php\/wp-json\/wp\/v2\/pages"}],"about":[{"href":"https:\/\/compraryang.es\/index.php\/wp-json\/wp\/v2\/types\/page"}],"author":[{"embeddable":true,"href":"https:\/\/compraryang.es\/index.php\/wp-json\/wp\/v2\/users\/1"}],"replies":[{"embeddable":true,"href":"https:\/\/compraryang.es\/index.php\/wp-json\/wp\/v2\/comments?post=52"}],"version-history":[{"count":122,"href":"https:\/\/compraryang.es\/index.php\/wp-json\/wp\/v2\/pages\/52\/revisions"}],"predecessor-version":[{"id":363,"href":"https:\/\/compraryang.es\/index.php\/wp-json\/wp\/v2\/pages\/52\/revisions\/363"}],"wp:attachment":[{"href":"https:\/\/compraryang.es\/index.php\/wp-json\/wp\/v2\/media?parent=52"}],"curies":[{"name":"wp","href":"https:\/\/api.w.org\/{rel}","templated":true}]}}